{"id":1226,"date":"2020-08-28T09:07:55","date_gmt":"2020-08-28T12:07:55","guid":{"rendered":"http:\/\/161.35.235.253\/?page_id=1226"},"modified":"2025-06-30T10:56:18","modified_gmt":"2025-06-30T13:56:18","slug":"recadastramento-pensionista-2002-a-2013","status":"publish","type":"page","link":"https:\/\/www.bertprev.sp.gov.br\/index.php\/recadastramento-pensionista-2002-a-2013\/","title":{"rendered":"Recadastramento pensionista 2002 a 2013"},"content":{"rendered":"<p><strong>Declara\u00e7\u00f5es para benef\u00edcios concedidos de 14\/09\/2002 at\u00e9 19\/07\/2013<\/strong><\/p>\n<p><a href=\"http:\/\/bertprev.sp.gov.br\/arquivos\/previdencia\/recadastramento\/pensionista\/2002\/mod06-29-06.pdf\">Declara\u00e7\u00e3o c\u00f4njuge<\/a><\/p>\n<p><a href=\"http:\/\/bertprev.sp.gov.br\/arquivos\/previdencia\/recadastramento\/pensionista\/2002\/mod07-29-06.pdf\">Declara\u00e7\u00e3o pai, m\u00e3e ou companheiro<\/a><\/p>\n<p><a href=\"http:\/\/bertprev.sp.gov.br\/arquivos\/previdencia\/recadastramento\/pensionista\/2002\/mod08-29-06.pdf\">Declara\u00e7\u00e3o filho<\/a><\/p>\n<p><a href=\"http:\/\/bertprev.sp.gov.br\/arquivos\/previdencia\/recadastramento\/pensionista\/2002\/mod09-29-06.pdf\">Declara\u00e7\u00e3o filho inv\u00e1lido<\/a><\/p>\n<p><a href=\"http:\/\/bertprev.sp.gov.br\/arquivos\/previdencia\/recadastramento\/pensionista\/2002\/mod10-29-06.pdf\">Declara\u00e7\u00e3o\u00a0enteado<\/a><\/p>\n<p><a href=\"http:\/\/bertprev.sp.gov.br\/arquivos\/previdencia\/recadastramento\/pensionista\/2002\/mod11-29-06.pdf\">Declara\u00e7\u00e3o enteado inv\u00e1lido<\/a><\/p>\n<p><a href=\"http:\/\/bertprev.sp.gov.br\/arquivos\/previdencia\/recadastramento\/pensionista\/2002\/mod12-29-06.pdf\">Declara\u00e7\u00e3o irm\u00e3o<\/a><\/p>\n<p><a href=\"http:\/\/bertprev.sp.gov.br\/arquivos\/previdencia\/recadastramento\/pensionista\/2002\/mod13-29-06.pdf\">Declara\u00e7\u00e3o irm\u00e3o inv\u00e1lido<\/a><\/p>\n","protected":false},"excerpt":{"rendered":"<p>Declara\u00e7\u00f5es para benef\u00edcios concedidos de 14\/09\/2002 at\u00e9 19\/07\/2013 Declara\u00e7\u00e3o c\u00f4njuge Declara\u00e7\u00e3o pai, m\u00e3e ou companheiro Declara\u00e7\u00e3o filho Declara\u00e7\u00e3o filho inv\u00e1lido Declara\u00e7\u00e3o\u00a0enteado Declara\u00e7\u00e3o enteado inv\u00e1lido Declara\u00e7\u00e3o irm\u00e3o Declara\u00e7\u00e3o irm\u00e3o inv\u00e1lido<\/p>\n","protected":false},"author":1,"featured_media":0,"parent":0,"menu_order":0,"comment_status":"closed","ping_status":"closed","template":"","meta":{"footnotes":""},"class_list":["post-1226","page","type-page","status-publish","hentry"],"_links":{"self":[{"href":"https:\/\/www.bertprev.sp.gov.br\/index.php\/wp-json\/wp\/v2\/pages\/1226","targetHints":{"allow":["GET"]}}],"collection":[{"href":"https:\/\/www.bertprev.sp.gov.br\/index.php\/wp-json\/wp\/v2\/pages"}],"about":[{"href":"https:\/\/www.bertprev.sp.gov.br\/index.php\/wp-json\/wp\/v2\/types\/page"}],"author":[{"embeddable":true,"href":"https:\/\/www.bertprev.sp.gov.br\/index.php\/wp-json\/wp\/v2\/users\/1"}],"replies":[{"embeddable":true,"href":"https:\/\/www.bertprev.sp.gov.br\/index.php\/wp-json\/wp\/v2\/comments?post=1226"}],"version-history":[{"count":7,"href":"https:\/\/www.bertprev.sp.gov.br\/index.php\/wp-json\/wp\/v2\/pages\/1226\/revisions"}],"predecessor-version":[{"id":7226,"href":"https:\/\/www.bertprev.sp.gov.br\/index.php\/wp-json\/wp\/v2\/pages\/1226\/revisions\/7226"}],"wp:attachment":[{"href":"https:\/\/www.bertprev.sp.gov.br\/index.php\/wp-json\/wp\/v2\/media?parent=1226"}],"curies":[{"name":"wp","href":"https:\/\/api.w.org\/{rel}","templated":true}]}}

<p><strong>Declarações para benefícios concedidos de 14/09/2002 até 19/07/2013</strong></p>
<p><a href="http://bertprev.sp.gov.br/arquivos/previdencia/recadastramento/pensionista/2002/mod06-29-06.pdf">Declaração cônjuge</a></p>
<p><a href="http://bertprev.sp.gov.br/arquivos/previdencia/recadastramento/pensionista/2002/mod07-29-06.pdf">Declaração pai, mãe ou companheiro</a></p>
<p><a href="http://bertprev.sp.gov.br/arquivos/previdencia/recadastramento/pensionista/2002/mod08-29-06.pdf">Declaração filho</a></p>
<p><a href="http://bertprev.sp.gov.br/arquivos/previdencia/recadastramento/pensionista/2002/mod09-29-06.pdf">Declaração filho inválido</a></p>
<p><a href="http://bertprev.sp.gov.br/arquivos/previdencia/recadastramento/pensionista/2002/mod10-29-06.pdf">Declaração enteado</a></p>
<p><a href="http://bertprev.sp.gov.br/arquivos/previdencia/recadastramento/pensionista/2002/mod11-29-06.pdf">Declaração enteado inválido</a></p>
<p><a href="http://bertprev.sp.gov.br/arquivos/previdencia/recadastramento/pensionista/2002/mod12-29-06.pdf">Declaração irmão</a></p>
<p><a href="http://bertprev.sp.gov.br/arquivos/previdencia/recadastramento/pensionista/2002/mod13-29-06.pdf">Declaração irmão inválido</a></p>

<p>Declarações para benefícios concedidos de 14/09/2002 até 19/07/2013 Declaração cônjuge Declaração pai, mãe ou companheiro Declaração filho Declaração filho inválido Declaração enteado Declaração enteado inválido Declaração irmão Declaração irmão inválido</p>
