{"id":1466,"date":"2020-10-02T15:09:46","date_gmt":"2020-10-02T18:09:46","guid":{"rendered":"http:\/\/www.bertprev.sp.gov.br\/?page_id=1466"},"modified":"2025-07-01T09:02:02","modified_gmt":"2025-07-01T12:02:02","slug":"pensionista-com-procurador","status":"publish","type":"page","link":"https:\/\/www.bertprev.sp.gov.br\/index.php\/pensionista-com-procurador\/","title":{"rendered":"Pensionista com procurador"},"content":{"rendered":"<p><strong>Aten\u00e7\u00e3o Pensionista,<\/strong><\/p>\n<p><strong>A declara\u00e7\u00e3o dever\u00e1 ser anexada na pr\u00f3pria plataforma, conforme modelo:<\/strong><\/p>\n<p><img loading=\"lazy\" decoding=\"async\" class=\"alignnone wp-image-7167\" src=\"http:\/\/www.bertprev.sp.gov.br\/wp-content\/uploads\/2025\/06\/TAB-1-300x48.jpg\" sizes=\"auto, (max-width: 500px) 100vw, 500px\" srcset=\"https:\/\/www.bertprev.sp.gov.br\/wp-content\/uploads\/2025\/06\/TAB-1-300x48.jpg 300w, https:\/\/www.bertprev.sp.gov.br\/wp-content\/uploads\/2025\/06\/TAB-1.jpg 567w\" alt=\"\" width=\"500\" height=\"80\" \/><\/p>\n<p>Para pensionistas menores de idade: declara\u00e7\u00e3o de que est\u00e1 frequentando a escola.<\/p>\n<p>Para pensionista representado judicialmente: documento judicial atualizado comprovando a representa\u00e7\u00e3o e documento comprobat\u00f3rio de vida do pensionista.<\/p>\n<p>Outras d\u00favidas ser\u00e3o esclarecidas atrav\u00e9s do nosso Whatsapp ou pelo fone: 3319-9292 e email:\u00a0<span id=\"cloakebf8b35c82cdedd8c7d552fddb62e1cd\"><a href=\"mailto:recadastramento@bertprev.sp.gov.br\">recadastramento@bertprev.sp.gov.br<\/a><\/span><\/p>\n<p>&nbsp;<\/p>\n<p><b>clique abaixo no per\u00edodo\u00a0correspondente \u00e0 concess\u00e3o do benef\u00edcio<\/b><\/p>\n<p><a href=\"http:\/\/www.bertprev.sp.gov.br\/arquivos\/previdencia\/procuracao\/procuracao-inativo-pensionista-prova-vida.pdf\">Declara\u00e7\u00e3o de vida<\/a><\/p>\n<p><a href=\"http:\/\/www.bertprev.sp.gov.br\/index.php\/recadastramento-pensionista-1998-a-2002-por-procurador\/\">benef\u00edcios concedidos de 01\/03\/1998 at\u00e9 13\/09\/2002 clique aqui<\/a><\/p>\n<p><a href=\"http:\/\/www.bertprev.sp.gov.br\/index.php\/recadastramento-pensionista-2002-a-2013-por-procurador\/\">benef\u00edcios concedidos de 14\/09\/2002 at\u00e9 19\/07\/2013 clique aqui<\/a><\/p>\n<p><a href=\"http:\/\/www.bertprev.sp.gov.br\/index.php\/recadastramento-pensionista-a-partir-de-2013-por-procurador\/\">benef\u00edcios concedidos a partir de 20\/07\/2013 clique aqui<\/a><\/p>\n<p>&nbsp;<\/p>\n<p>&nbsp;<\/p>\n<p><b>Em caso de d\u00favidas entre em contato conosco.<\/b><\/p>\n","protected":false},"excerpt":{"rendered":"<p>Aten\u00e7\u00e3o Pensionista, A declara\u00e7\u00e3o dever\u00e1 ser anexada na pr\u00f3pria plataforma, conforme modelo: Para pensionistas menores de idade: declara\u00e7\u00e3o de que est\u00e1 frequentando a escola. Para pensionista representado judicialmente: documento judicial&hellip;<\/p>\n","protected":false},"author":1,"featured_media":0,"parent":0,"menu_order":0,"comment_status":"closed","ping_status":"closed","template":"","meta":{"footnotes":""},"class_list":["post-1466","page","type-page","status-publish","hentry"],"_links":{"self":[{"href":"https:\/\/www.bertprev.sp.gov.br\/index.php\/wp-json\/wp\/v2\/pages\/1466","targetHints":{"allow":["GET"]}}],"collection":[{"href":"https:\/\/www.bertprev.sp.gov.br\/index.php\/wp-json\/wp\/v2\/pages"}],"about":[{"href":"https:\/\/www.bertprev.sp.gov.br\/index.php\/wp-json\/wp\/v2\/types\/page"}],"author":[{"embeddable":true,"href":"https:\/\/www.bertprev.sp.gov.br\/index.php\/wp-json\/wp\/v2\/users\/1"}],"replies":[{"embeddable":true,"href":"https:\/\/www.bertprev.sp.gov.br\/index.php\/wp-json\/wp\/v2\/comments?post=1466"}],"version-history":[{"count":7,"href":"https:\/\/www.bertprev.sp.gov.br\/index.php\/wp-json\/wp\/v2\/pages\/1466\/revisions"}],"predecessor-version":[{"id":7268,"href":"https:\/\/www.bertprev.sp.gov.br\/index.php\/wp-json\/wp\/v2\/pages\/1466\/revisions\/7268"}],"wp:attachment":[{"href":"https:\/\/www.bertprev.sp.gov.br\/index.php\/wp-json\/wp\/v2\/media?parent=1466"}],"curies":[{"name":"wp","href":"https:\/\/api.w.org\/{rel}","templated":true}]}}

<p><strong>Atenção Pensionista,</strong></p>
<p><strong>A declaração deverá ser anexada na própria plataforma, conforme modelo:</strong></p>
<p><img loading="lazy" decoding="async" class="alignnone wp-image-7167" src="http://www.bertprev.sp.gov.br/wp-content/uploads/2025/06/TAB-1-300x48.jpg" sizes="auto, (max-width: 500px) 100vw, 500px" srcset="https://www.bertprev.sp.gov.br/wp-content/uploads/2025/06/TAB-1-300x48.jpg 300w, https://www.bertprev.sp.gov.br/wp-content/uploads/2025/06/TAB-1.jpg 567w" alt="" width="500" height="80" /></p>
<p>Para pensionistas menores de idade: declaração de que está frequentando a escola.</p>
<p>Para pensionista representado judicialmente: documento judicial atualizado comprovando a representação e documento comprobatório de vida do pensionista.</p>
<p>Outras dúvidas serão esclarecidas através do nosso Whatsapp ou pelo fone: 3319-9292 e email: <span id="cloakebf8b35c82cdedd8c7d552fddb62e1cd"><a href="mailto:recadastramento@bertprev.sp.gov.br">recadastramento@bertprev.sp.gov.br</a></span></p>
<p>&nbsp;</p>
<p><b>clique abaixo no período correspondente à concessão do benefício</b></p>
<p><a href="http://www.bertprev.sp.gov.br/arquivos/previdencia/procuracao/procuracao-inativo-pensionista-prova-vida.pdf">Declaração de vida</a></p>
<p><a href="http://www.bertprev.sp.gov.br/index.php/recadastramento-pensionista-1998-a-2002-por-procurador/">benefícios concedidos de 01/03/1998 até 13/09/2002 clique aqui</a></p>
<p><a href="http://www.bertprev.sp.gov.br/index.php/recadastramento-pensionista-2002-a-2013-por-procurador/">benefícios concedidos de 14/09/2002 até 19/07/2013 clique aqui</a></p>
<p><a href="http://www.bertprev.sp.gov.br/index.php/recadastramento-pensionista-a-partir-de-2013-por-procurador/">benefícios concedidos a partir de 20/07/2013 clique aqui</a></p>
<p>&nbsp;</p>
<p>&nbsp;</p>
<p><b>Em caso de dúvidas entre em contato conosco.</b></p>

<p>Atenção Pensionista, A declaração deverá ser anexada na própria plataforma, conforme modelo: Para pensionistas menores de idade: declaração de que está frequentando a escola. Para pensionista representado judicialmente: documento judicial&hellip;</p>
